0. Calculate the remainder when 27 is divided by k.
6
Let c = -199 - -207. Calculate the remainder when 27 is divided by c.
3
Let y(n) = 6*n**2 + 6*n - 5. Suppose 4*g + 0*g = -24. Let l be y(g). Suppose 0*x + 5*x = l. Calculate the remainder when x is divided by 12.
11
Suppose 7*i + 4 - 4 = 0. Let c = 16 + i. What is the remainder when 29 is divided by c?
13
Suppose -195 = 2*f - 7*f. Suppose 4*t - 363 + 351 = 2*j, -t = 3*j - 17. Calculate the remainder when f is divided by j.
3
Suppose -3*n - 2*n = 0. Suppose n = 3*m - 5*m - 18. What is the remainder when 31 is divided by (16/3)/(m/(-27))?
15
Suppose 156 = 5*y - 99. Calculate the remainder when y is divided by (-32)/16 + 30/2.
12
Suppose 4*g - 40 = -g. Let t(p) = -1 - 6*p - 3 + 3. Calculate the remainder when t(-4) is divided by g.
7
Let y(v) = -v + 1. Let u be y(0). Let k be u*(7 - (-8)/(-4)). Suppose 3*t - 11 = 2*n + 108, 0 = k*t - n - 189. What is the remainder when t is divided by 19?
18
Let h = -104 + 157. Let d(a) = 4*a + 19. What is the remainder when h is divided by d(2)?
26
Let j = 277 + -251. Let r(s) = 2*s - 50. Let z(b) = b**3 + b + 1. What is the remainder when r(j) is divided by z(0)?
0
Let j = 211 + -206. What is the remainder when 20 is divided by j?
0
Let w(i) = 7*i - 5*i**2 + 4*i**3 + 0*i**3 - 6 - 3*i**3. Suppose -3*f + 6*f = 27. What is the remainder when f is divided by w(4)?
3
What is the remainder when 8 is divided by -9 - (-5 + -5 + -2)?
2
Let c = -463 + 652. Suppose -3*m = -3*a + 5 + 10, -2*a + m + 7 = 0. Suppose -g = -4*d + a*g + c, -20 = -4*g. Calculate the remainder when d is divided by 13.
12
Let g(k) = -k**2 - 11*k - 10. Calculate the remainder when g(-4) is divided by (-2 + 1)*-1*7.
4
Let y(k) be the first derivative of k**3/3 + 8*k - 10. What is the remainder when 70 is divided by y(-4)?
22
Let b(w) = -3*w**3 - w**2 - 4*w - 2. Let q be b(-2). Let i = -23 + 5. Let a = q + i. What is the remainder when 22 is divided by a?
6
Let q(m) = 2*m**2 - 9*m - 2. Let y(w) = -2*w**3 - 2*w**2. Calculate the remainder when y(-2) is divided by q(5).
2
Suppose -7*s + 4*s + 102 = 0. Let g = 65 - s. Suppose -3*f + 11 = -g. What is the remainder when 54 is divided by f?
12
Suppose -2*q - 48 - 152 = 0. Let u = 70 + q. Let n = -7 - u. What is the remainder when n is divided by 8?
7
Let a = -66 + 167. What is the remainder when a is divided by 27?
20
Suppose -3*p + 40 = 4*h, -3 = 2*p - 5*h + 1. What is the remainder when 551 is divided by p?
7
Let x = -8 + 15. Suppose 0 = x*s - 3*s. Suppose s = -6*y + 2*y + 80. What is the remainder when 38 is divided by y?
18
Let k be 1 + 4 + 0 + -2. Let z(m) = -3*m - k + m + m. Calculate the remainder when z(-6) is divided by 3.
0
Let r(g) = 2*g + 37. Let k be r(-18). Calculate the remainder when (-136 + -2 + k)/(-1) is divided by 35.
32
Suppose -3*p = -3 - 45. Suppose 3*o - 4*o = -p. Suppose -u = -3 - 3. What is the remainder when o is divided by u?
4
Calculate the remainder when 2 + -4 - (-91 + -1) is divided by (-20)/220 + (-840)/(-44).
14
What is the remainder when 147 is divided by (-28)/42 + (-276)/(-9)?
27
Suppose -24 = -0*y - 2*y. Let u = -3 + 0. Calculate the remainder when 2/(u - -1)*-21 is divided by y.
9
What is the remainder when (-97*3)/((-27)/(4 - -5)) is divided by 33?
31
Let w(b) = 13*b**2 + b - 2. Suppose -4*f - 3*t - 15 = 0, -20 = -f - 2*f + 4*t. Suppose -14*n + 10*n + 36 = f. What is the remainder when w(2) is divided by n?
7
Suppose 0*r = -2*i - 2*r + 84, -2*i = -4*r - 72. Let d = 3 - 0. Suppose 3*c - d*o + 2*o = 112, o = -c + i. What is the remainder when c is divided by 10?
8
Let v(r) = r**2 + 9*r + 22. Let u be v(-6). Let l = -10 + 22. Suppose -u*t + 96 = 4*c - l, -4*t - 12 = 0. What is the remainder when 58 is divided by c?
28
Suppose -203 = -3*t + 70. Calculate the remainder when 451 is divided by t.
87
Let k(g) = g - 8. Let z = 34 - 24. Let i be k(z). Suppose 16 = s - 4*j, -i*j + 42 = -0*s + 2*s. Calculate the remainder when 39 is divided by s.
19
Let k(a) = 0 + a - 8 + 0*a - 2. Let m be k(10). Let w = m - -45. Calculate the remainder when w is divided by 12.
9
Let u(c) = c**3 - 6*c**2 - 4*c + 9. What is the remainder when u(7) is divided by 9?
3
Suppose 2*i + 35*n = 33*n + 466, -3*n = -i + 233. Calculate the remainder when i is divided by 27.
17
Calculate the remainder when 63 is divided by 741/26 - (-21)/(-6).
13
Let b(v) = -v**3 - 9*v**2 - 8*v - 1. Let g(o) = -o**3 - 9*o**2 - 9*o - 2. Let h(k) = -2*b(k) + 3*g(k). Calculate the remainder when 77 is divided by h(-8).
17
Let p = 406 + -357. What is the remainder when 108 is divided by p?
10
Suppose 19 = 4*c + 2*v + 5, 4*c - 49 = 5*v. Suppose 0 = c*p - 210 - 246. Calculate the remainder when p is divided by 26.
24
Calculate the remainder when 201 is divided by (34 - -1) + -2 + (-1)/(-1).
31
Let u(z) = -15*z + 13. Let w be u(-3). Suppose 31*s - 29*s - w = 0. Calculate the remainder when 114 is divided by s.
27
Let c(x) = 17*x**2 - 73*x - 577. What is the remainder when c(-7) is divided by 7?
4
Suppose 0*b + 20 = b - 5*d, -6 = 2*d. Suppose b*w - 54 = -14. Calculate the remainder when 19 is divided by w.
3
Let l = 340 - 334. What is the remainder when 196 is divided by l?
4
Suppose f - 202 + 613 = y, -2*y + 825 = -f. What is the remainder when y is divided by 60?
54
Let g be 352/14 + (-6)/42. Let l = 40 - g. What is the remainder when 28 is divided by l?
13
Suppose 0 = 2*k + 4*g - g - 6, 3*k + 5*g = 8. Suppose 7 = -y - 4*a, 2*y + y + 5*a = 7. Calculate the remainder when y is divided by k.
3
Suppose -l = -4*h + 270, 3*h - 211 = 5*l - 0*l. What is the remainder when 164 is divided by h?
30
Suppose 0 = 5*m + 2*s - 47, -4*m + 2*s + 30 = -2*m. Calculate the remainder when 175 is divided by m.
10
Let u = 79 + -22. Calculate the remainder when u is divided by 32.
25
What is the remainder when (0 - -2)/(6/69) is divided by 5?
3
Suppose -5*z - l + 205 = 0, 5*z - 5*l - 63 - 112 = 0. Suppose z*o + 1110 = 46*o. What is the remainder when o is divided by 47?
44
Suppose 0 = -19*b + 1900 - 494. What is the remainder when b is divided by 3?
2
Let u = -25 - -24. Let t(h) = -17*h - 1. Let s be t(u). Suppose -s = 3*i - 4*g - 185, -3*g - 171 = -3*i. Calculate the remainder when i is divided by 12.
11
Let v = 22 + 1. Let i(u) = u**3 - 28*u**2 + 118*u - 52. Let r be i(23). Let f = v - r. Calculate the remainder when f is divided by 4.
2
Let z(p) = -p**3 - 6*p**2 - 9*p - 7. Let l be (-48)/9 - 2*3/9. Calculate the remainder when z(l) is divided by 12.
11
Let h = -24 - -42. Suppose 0*p - 2*p = 12. Calculate the remainder when ((-4)/p)/(20/2130) is divided by h.
17
Let s = 48 - 56. What is the remainder when 77 is divided by 2*26/(s/(-4))?
25
Suppose 9*t - 29 = 8*t. Let g(l) = l**3 - 9*l**2 + 3*l - 12. Let o be g(9). What is the remainder when t is divided by 5/(o/6) - -6?
5
Suppose 0 = -12*c + 18*c - 180. Calculate the remainder when 54 is divided by c.
24
Let t = 4 - -5. Suppose 9*q = 6*q + 36. Suppose -60 = -2*d + 3*h, -2*h + 5*h = -d + q. What is the remainder when d is divided by t?
6
Suppose -4*f - 71 = -5*f. Let n = 5 - 6. Calculate the remainder when f is divided by 92/4 - (n + 0).
23
Suppose -5*g - 20 = 4*q - 5*q, -3*g = -5*q + 144. Calculate the remainder when 429 is divided by q.
9
Suppose 8 = 2*o + 32. Let j = o + 31. Calculate the remainder when 36 is divided by j.
17
Suppose 85 = 4*h + u, -20 = -h + u - 0. Suppose -2*s - 5*n + 77 = 0, n - 10 = -s + h. What is the remainder when s is divided by 14?
12
Let f(j) = -j**3 - 9*j**2 - 10*j + 1. Suppose g - 122 = -3*s + 23, -5*g + 175 = 4*s. Calculate the remainder when s is divided by f(-8).
16
Let j be (4/(-8))/(1/(-4)). Let i be (j/(-4))/((-4)/(-16)). What is the remainder when 86 - (i + (-3)/(-1)) is divided by 22?
19
Let o be (0/(-2 + 5))/2. Suppose 4*b + 10 - 30 = o. What is the remainder when ((-33)/3)/((-1)/b) is divided by 14?
13
Suppose 4*x + 5*n = 80, x - 4*x + 3*n + 60 = 0. Let q = x + -7. What is the remainder when 23 is divided by q?
10
Let w = 471 + -468. Let l = -3 + 20. What is the remainder when l is divided by w?
2
Let h(t) = -t**3 - 8*t**2 + 18*t - 3. What is the remainder when 559 is divided by h(-10)?
15
Let d be (-4)/(16/(-12)) + 268. Let j = -150 + d. Calculate the remainder when j is divided by 31.
28
Let j = 161 - 11